r).
-7
Let w(m) = 4*m - 5. Let b(f) = 20*f - 22. Let k(g) = -6*b(g) + 26*w(g). Let i(x) = 19*x - 1. Let c(y) = 5*i(y) + 6*k(y). Calculate c(14).
-7
Let b(i) be the first derivative of -13 + 4*i + 3/2*i**2 + 1/3*i**3. Let s(v) be the first derivative of b(v). What is s(-4)?
-5
Let i(h) = 28*h + 3. Suppose 0 = -2*l + 2, -2*w + 3 = 7*l - 10*l. Calculate i(w).
87
Let v(d) = -d - 9. Let l(m) = 2*m**2 - 32*m + 42. Let w be l(21). Suppose 6*r + w = -22*r. Determine v(r).
0
Suppose i - 4*b = 5*i + 8, -b - 5 = 0. Suppose -h - 5*d - 5 = -26, d = -2*h - i. Let z(g) = -g**3 - 5*g**2 - g + 8. What is z(h)?
-4
Let d(o) = -o**3 - 16*o**2 + 20*o + 21. Suppose 37*v - 107 = -736. Give d(v).
-30
Suppose -73*x + 218 + 147 = 0. Let p(a) be the first derivative of -a**4/4 + 4*a**3/3 + 2*a**2 - 5*a - 1. What is p(x)?
-10
Let k(h) = h**3 + 2*h**2 - 6*h + 5. Let i(d) = -10*d**2 - 3*d + 2. Let n be i(-1). Determine k(n).
-40
Let n(q) = 4*q**2 + 177*q + 48. Let l be n(-44). Let d(o) be the second derivative of 1/12*o**4 - 3/2*o**3 + l*o**2 + 3*o + 0. What is d(8)?
0
Let s(t) = -t**3 + 3*t**2 + 2*t - 1. Let z(d) be the first derivative of -21*d**2/2 - d - 11. Let n be z(-1). Suppose 35*i - 30*i - n = 0. Determine s(i).
-9
Suppose 15*g = -73*g - 4*g + 276. Let c(n) be the second derivative of 0 - n**2 - 5/6*n**g - 7*n. Determine c(-4).
18
Let g(x) be the second derivative of x**4/12 - x**3 - 55*x**2/2 + x - 37. Give g(11).
0
Let o(c) = 2*c**2 + 4*c + 3. Suppose 3 = -52*u + 17*u - 172. Give o(u).
33
Let q(v) = v**3 + 2*v - 3. Let r = 42 - 40. Suppose -i = 4*k - r - 0, 4*i + 5*k - 8 = 0. Suppose 10 = 3*m - 4*z, 5*m - 7*z + i*z = 15. Give q(m).
9
Suppose 37*r = 32*r + 5. Let v(d) = 5*d**2 + 7*d - 6. Let g(b) = b**2 - 2*b - 1. Let x(o) = r*v(o) - 4*g(o). Determine x(-15).
-2
Let n(z) = -3*z**3 - 21*z**2 + z + 6. Let q = 21184 - 21191. Give n(q).
-1
Suppose r + 5*l = 7, r + 0*r + 2*l = 4. Let f(u) = -194*u**r + 196*u**2 + 14*u**3 + 5*u - 4*u. Calculate f(-1).
-13
Let t(b) = -b**3 - 3*b**2 + 4*b - 4. Suppose -13*h = 3*k - 9*h + 26, 4*k - 4*h = 40. Calculate t(k).
-16
Let d(m) = 7*m - 322. Let j be d(46). Let y(c) = -c**3 + c**2 + 66. Give y(j).
66
Let g(k) = -5*k**2 + 69*k + 11. Suppose -64 = 8*y - 176. Let r be g(y). Let h(u) = u**3 + 2*u**2 - 4*u - 3. Give h(r).
0
Let w(x) = -2*x**2 - 10*x - 18. Let q(v) = -3*v**3 - 109*v**2 - 140*v - 2. Let g be q(-35). Determine w(g).
-6
Let c(x) be the first derivative of -x**4/4 + 5*x**3/3 + 4*x**2 + 5*x - 2. Let v be -7*((24 - 7) + -18). Determine c(v).
-37
Suppose -2078*f + 2033*f - 1755 = 0. Let c(r) = r + 21. Determine c(f).
-18
Let d(z) be the second derivative of z**3/6 + 21*z**2/2 + 10*z. Let o be d(-16). Suppose o*n = c + 17, -3*n + 8 = c + 1. Let y(p) = -3*p + 1. Calculate y(c).
7
Let c be 2/(-6) - (-208)/12. Suppose -66 = -c*m - 185. Let w(l) = -l**3 - 8*l**2 - 4*l + 10. Give w(m).
-11
Let n(c) = 3 + 3 - c**2 - 6*c**3 + c**3 - 5. Suppose -30 + 11 = -50*h + 31. Calculate n(h).
-5
Let o be ((-45)/(-6) - 7)*(37 - (4 - 3)). Let c(v) = -v**3 + 20*v**2 - 36*v - 1. Determine c(o).
-1
Let r = -3385 + 3383. Let q(v) = v - 6. Calculate q(r).
-8
Let g(w) be the third derivative of w**5/60 + w**4/4 + w**3 + 134*w**2 + 2*w. Give g(5).
61
Let v(t) be the first derivative of 7*t**2/2 + 20*t - 84. Determine v(-2).
6
Let d = -5569 - -5551. Let a(s) = -s**2 - 18*s - 18. What is a(d)?
-18
Let g(b) be the first derivative of b**4/4 + 2*b**3/3 - b**2 + b - 1. Let l(t) = -t**2 - 2*t - 3*t + 7 + 4. Let j be l(-7). Determine g(j).
-2
Let p(x) = -x**2 + 2*x + 12. Suppose -405*s + 478 + 2357 = 0. Determine p(s).
-23
Let x(m) = -8*m - 3 - 16 + 79*m**2 - 159*m**2 - 5*m**3 + 72*m**2 + 4*m**3. Give x(-7).
-12
Let a(l) be the first derivative of 3*l**2 - 663. Calculate a(7).
42
Let o = 11439 + -11445. Let g(x) = 3*x**2 + 3*x - 4. Give g(o).
86
Let i(x) = 2285*x - x**2 + 0 + 4 - 2283*x. Suppose 0 = 4*l + 187 + 21. Let g be (-200)/l - 2/(-13). What is i(g)?
-4
Let j(q) = -7*q**2 - 4*q + 11*q**2 - 3 - 3*q**2 - 3 + 33. What is j(7)?
48
Let k be 10/(-2) - (-11 + 5). Let u(n) = n - n**2 + 2 - 5 + 3. Let m(d) = d**3 + 4*d - 3. Let l(v) = k*m(v) - 5*u(v). Calculate l(-4).
17
Suppose 7 = -h + 1. Let z(l) = -l**3 + 6*l**2 + 5*l - 6. Let v be z(5). Let u(q) = -7*q - 7 + 48*q**2 - 93*q**2 + v*q**2. What is u(h)?
-1
Let t be (1 - -1) + 1 + -1. Let y(d) be the first derivative of d**t - 8*d + 21 - 12*d + 12*d. What is y(6)?
4
Let v(g) be the third derivative of -g**6/120 - g**5/10 + g**4/4 - 7*g**3/3 + 2*g**2 - 181. Determine v(-7).
-7
Let r(p) = 1 + 2*p**2 - 3*p + 20*p - 4*p - 4*p**2. Let g be r(7). Let f(i) = 8 - 29*i - 33*i - i**2 + 57*i. Calculate f(g).
2
Let t(v) be the third derivative of -v**5/60 - 11*v**4/24 - 5*v**3 + 3318*v**2. Determine t(-7).
-2
Let o(a) = 5*a - 9. Suppose 4*u = -3*x + 122 - 118, -4*u = 4*x - 8. What is o(x)?
11
Let x(r) = -2*r**3 - 12 + r**2 + 2*r**2 + 7*r**2 - 3*r**2 + 52 - 17*r. Let y be x(3). Let u(l) = 7*l + 2. Determine u(y).
-12
Let f = 11627 - 11611. Let o(y) = y**3 - 16*y**2 + 3*y - 26. What is o(f)?
22
Let f(r) be the third derivative of -r**7/720 + r**6/240 + 56*r**5/15 + 116*r**2. Let q(x) be the third derivative of f(x). Give q(2).
-11
Let s(p) be the second derivative of -5*p**3/2 + 35*p**2/2 - 2214*p. Give s(6).
-55
Let v(n) be the second derivative of -n**6/180 + n**5/120 + 5*n**4/12 - n**2/2 + 3*n + 14. Let c(j) be the third derivative of v(j). Determine c(7).
-27
Let q(n) be the third derivative of n**6/120 + 7*n**5/60 + 7*n**4/24 - 2*n**3/3 + n**2. Let a be -35 + (-551)/285*-15. What is q(a)?
-10
Let b(w) = w**3 - 5*w**2 + 3*w - 4. Let k = 95 - 97. Let f be (1 - 4) + 54 + k. Suppose 44*j = f*j - 25. Give b(j).
11
Let z = 31 - 27. Let s(j) = -5*j**2 + 4*j - 2. Let n(x) = x**3 - x - 1. Let w = -151 + 152. Let u(k) = w*s(k) + n(k). Determine u(z).
-7
Let d be ((-640)/(-40))/(-2*1). Let y(w) = -w**2 - 9*w + 2. Let s be y(d). Let c(z) = -z**2 + 10*z - 6. What is c(s)?
-6
Let t(p) = 23828*p**2 - 47654*p**2 + 24*p - 20 + 23825*p**2. What is t(22)?
24
Let d(g) = 10*g**3 - 29*g**2 + 151*g + 3. Let u(n) = 11*n**3 - 30*n**2 + 167*n + 4. Let v(m) = -9*d(m) + 8*u(m). What is v(9)?
41
Let g(w) = w**3 - 14*w**2 - 32*w + 30. Let p(a) = -a**2 - 3*a. Let k(o) = -g(o) - 2*p(o). What is k(18)?
6
Let k(o) be the third derivative of 44*o**2 + 0*o + 0 - 1/12*o**4 + 0*o**3 + 1/30*o**6 + 0*o**5. Calculate k(-2).
-28
Suppose 0 = 102*j - 326*j + 224. Let d(h) = -77*h - 1. Give d(j).
-78
Let q be (2 + (-60)/3)*(-19 + 16). Let n(o) = 4 - 18*o - 11*o - 10*o + q*o - 14*o. Determine n(8).
12
Let o(n) = -6 + n**2 + 5 - 2*n**2 + n**3 - 4*n. Let f = 442078 + -442075. Calculate o(f).
5
Let h(a) = a + 4*a - 3*a. Let r(i) = 4*i - 27. Let t(v) = 3*v - 34. Let p(q) = 5*r(q) - 4*t(q). Let u(z) = 26*h(z) - 6*p(z). Calculate u(6).
18
Let d(x) = 52*x + 57*x + 48*x - 205*x + 93 + 57*x. Determine d(-9).
12
Let k(r) be the first derivative of -r**4/4 + r**3 - 2*r**2 + 4*r - 79. Let d = 103 - 100. Calculate k(d).
-8
Let j(w) = -26 - 545*w + 272*w + 30 + w**2 + 271*w. Let y be -1*6/(-2) + 0. Calculate j(y).
7
Let b be (13/(130/15))/((-2)/4). Let q(a) = 5*a - 9. Let s(x) = -x + 1. Let t(d) = -q(d) - 4*s(d). What is t(b)?
8
Let s = 498 - 498. Let f(g) = g + s*g**2 + 3 - 2 + 0*g**2 - 2 - g**2. Determine f(0).
-1
Let i(j) = 0*j**3 - 5*j**2 - 69 - 42 - j + 2*j - 2*j**3 + 92. Give i(-5).
101
Let r(d) be the second derivative of 1/12*d**4 - 1/6*d**3 - 13/2*d**2 + 1/20*d**5 + 63*d + 0. Calculate r(0).
-13
Let z(i) be the third derivative of i**4/24 + 8*i**3/3 - 349*i**2. Determine z(-13).
3
Let x(z) = -6*z**3 - 5*z + 17*z**2 + 4*z**3 - 94 + z**3 + 107. Calculate x(17).
-72
Let p be 2/3 + (-10)/(-3). Let j(l) = -11*l**3 + 8*l**2 - 3*l - 12. Let o(i) = 2*i**3 - 2*i**2 + 2. Let r(t) = j(t) + 6*o(t). Give r(p).
-12
Let k(z) = -6*z - 12. Let j(y) be the third derivative of y**4/24 + y**3/3 + 40*y**2. Let q(g) = 22*j(g) + 4*k(g). Determine q(-7).
10
Suppose -15 - 1 = -2*f. Let u(z) = 738097*z - 738099*z + 9 + 8. Calculate u(f).
1
Suppose -v + 36 = 2*h, 3*v - 36 = -2*h - v. Suppose -2*w = -h + 12. Let c(a) = -a - w*a + 0*a - 3*a. Determine c(1).
-7
Let f(x) = -x - 4. Let c(z) = -2*z - 6. Let m(b) = -5*c(b) + 8*f(b). Determine m(8).
14
Suppose 0 = -g - 96*r + 92*r + 30, -3*g + 54 = 3*